*h = -2*g - 344. List the prime factors of h.
2, 3, 19
Let t be 81/18 + (-2)/(-4). Suppose t*d + 20 = 9*d. Suppose -4*o = 3*v - 84, 0 = -d*o - 2 - 13. What are the prime factors of v?
2
Suppose 2*l = -3*t + 41733, -2*l + 57871 = 4*t + 2227. What are the prime factors of t?
3, 4637
Let g be (60/(-42))/((-5)/42). Suppose -g*r + 19*r = 4655. What are the prime factors of r?
5, 7, 19
Let k(h) = 1 + 0 - 25*h**2 + 22*h**2. Let n be k(1). What are the prime factors of ((-16)/n)/(1/2)?
2
Let l = 554 - 556. What are the prime factors of (1768/520)/(l/(-369 + -1))?
17, 37
Let p = 601 - 599. Suppose -3*c = -p*a - 4208, -5*c = -6*c + 3*a + 1412. What are the prime factors of c?
2, 5, 7
Suppose 2*r = 947 + 145. Let z = 353 + r. What are the prime factors of z?
29, 31
Suppose -2*q + 5*m = 6*m - 54491, 0 = 2*q - 5*m - 54473. List the prime factors of q.
2, 7, 139
Let o = -7125 + 13036. What are the prime factors of o?
23, 257
Suppose 1383 = 3*l - 0*l + 3*v, 5*l - 2321 = -v. Let g = 658 - l. What are the prime factors of g?
193
Let a(c) = -3439*c - 909. List the prime factors of a(-6).
3, 5, 263
Suppose -4*h + 11 = n, -3*h + 4*h = -2*n - 6. Suppose 0 = 4*t - h*x, 2*x + 4 = 4*t - 0*x. Suppose 0*i + 8 = t*i. What are the prime factors of i?
2
Suppose -2*z + 3328*s = 3329*s - 73157, -2*z = 3*s - 73139. List the prime factors of z.
36583
Suppose -5*q = -4*m - 0*q + 46, 0 = -q - 2. Suppose 0 = -5*v + 5*c + 2035, v + 14*c - 395 = m*c. What are the prime factors of v?
3, 5
Let d = -3360 + 8596. What are the prime factors of d?
2, 7, 11, 17
Suppose -5*k + 27 = -4*i, 5*i = 3*i - k - 17. List the prime factors of i/((-32)/8) + 11*114.
2, 157
Suppose 0 = -2*g - 3*i + 1110, 3*i = -g - 0*i + 549. Let o be g/11 - (2 + -2). Let p = o + 42. What are the prime factors of p?
3, 31
Let z(i) = i**2 + 3*i + 2. Let u(t) = 3*t + 1. Let r be u(-1). Let n be z(r). Suppose -p = -4*b + 11 - 3, 2*p - 3*b + 1 = n. What are the prime factors of p?
2
Let q = -7925 - -16214. What are the prime factors of q?
3, 307
Suppose -b + 445 = -6*b. Let z = b - -139. List the prime factors of z.
2, 5
Suppose 0 = 3*l + 3*c - 17952, 2*l + 16*c = 19*c + 11988. List the prime factors of l.
2, 3, 499
Let y = 3063 + -1451. List the prime factors of y.
2, 13, 31
Let j = 26 - 23. Let c(h) = 4*h + 6. Let v be c(-4). Let q = j - v. List the prime factors of q.
13
Suppose -2*h = -0*h - 34. Let s(a) = 23*a + a**3 + 16 - 674*a**2 - 691*a**2 + 1347*a**2. List the prime factors of s(h).
2, 59
Let x = -11 - -16. Suppose -x*o - 3*y = -3515, 2*y + 967 = 4*o - 1867. List the prime factors of o.
2, 353
Suppose 626028 - 764324 = 29*g - 1896131. List the prime factors of g.
3, 5, 449
Let l(d) = 590*d**2 - 46*d + 94. What are the prime factors of l(8)?
2, 18743
Let m(a) = -a**3 + 20*a**2 - 18*a - 28. Let o be m(19). Let j(y) = -y**2 - 13*y - 18. Let h be j(o). Suppose l = 102 - h. What are the prime factors of l?
2, 3, 7
Let l = -311 - -314. Suppose -l*v = 12, -v + 521 + 218 = y. What are the prime factors of y?
743
Suppose -11*k = -16*k. Suppose 15 = -5*t, -t + k*t - 3 = 4*y. Suppose y*q = -3*s + 4*q + 157, 47 = s - 4*q. What are the prime factors of s?
5, 11
Suppose -15319*t - 58239 = -15322*t. What are the prime factors of t?
3, 719
Let g(m) = 215*m**2 - 197*m - 13. What are the prime factors of g(6)?
5, 7, 11, 17
Let q = 27952 + -8913. List the prime factors of q.
79, 241
Let y(n) = -5*n + 19. Let f be y(-4). Suppose -41*k + 658 = -f*k. Suppose 4*m - 403 = k. List the prime factors of m.
3, 61
Suppose -129*m + 12839574 = 155*m - 57*m. What are the prime factors of m?
2, 3, 11, 857
Let m(l) = 2*l**2 - 35*l + 196. Suppose 4*k - 2 = d, -k + 4*k + 16 = 2*d. What are the prime factors of m(d)?
2, 7
What are the prime factors of 8/(-68) - (-36)/17 - 490924/(-28)?
3, 5, 7, 167
Suppose 520 = -6*w - 710. Let m = w - -590. List the prime factors of m.
5, 7, 11
Let n = -35335 - -49721. What are the prime factors of n?
2, 7193
Let a(h) = -2*h**3 + 6*h**2 - 2*h + 1. Let p be a(2). Suppose -3*m = -0*z + 4*z - 808, -809 = -3*m - p*z. What are the prime factors of m?
2, 67
What are the prime factors of 228/(8/((-10736)/(-33)))?
2, 19, 61
Let w(q) = -3*q + 22. Suppose -2*y + 11*y = -6*y. Let d be w(y). Let m = d - -55. What are the prime factors of m?
7, 11
Let r = -46 + 48. Let o be 3 - (-4 + r - -13). Let j(l) = -l**3 - 6*l**2 + 6*l + 4. What are the prime factors of j(o)?
2, 3, 7
Let h(l) = -332*l**3 + 162*l**3 + 3 + 168*l**3 - 5*l + 4*l**2. List the prime factors of h(-4).
5, 43
Let g be -3 - 28/(-10) - (-726016)/80. Suppose 11*j - g = -0*j. What are the prime factors of j?
3, 5, 11
Suppose 21*v + 12912 = 24*v. Suppose -6*u = -22*u + v. Suppose -4*i + 299 = -u. List the prime factors of i.
2, 71
Suppose 28518 + 438906 = 24*u. List the prime factors of u.
2, 3, 541
Suppose 4*u - 9*u - 310 = 5*w, 4*w + 2*u = -256. List the prime factors of w/(-297) + 10886/18.
5, 11
Let x(d) = -2349*d - 255. What are the prime factors of x(-4)?
3, 11, 277
Let p(d) = 7 + 4 - 33*d - 22 + 2*d**2. Let f be p(17). Suppose f*t = 14*t - 752. What are the prime factors of t?
2, 47
Let c = 12649 + 20523. List the prime factors of c.
2, 8293
Let a = -108000 - -158466. List the prime factors of a.
2, 3, 13, 647
Let z(f) = -2*f**3 - 7*f**2 + 3*f + 6. Let d be z(-4). Let v be (d/3)/(3/(-18)). What are the prime factors of ((-246)/(-4))/((-15)/v)?
2, 41
Let o be (-60)/(-9)*105/20. Let m = -33 + o. Suppose s + 3*t = 3, 0 = -m*s - 5*t - 0*t + 8. List the prime factors of s.
3
Let v = 859 + 4337. List the prime factors of v.
2, 3, 433
Let a(d) = 33*d**2 - 38*d + 62. What are the prime factors of a(15)?
6917
Let n(t) = -t**2 + 4*t - 1. Let k be n(3). Let z be 40/(-2)*-1*2/k. Suppose -15*v - 640 = -z*v. What are the prime factors of v?
2
Suppose -4032 = -0*n - 7*n. Let c = n - 252. List the prime factors of c.
2, 3
Suppose -455 = -5*c - 5*u, 55 = c - 4*u - 26. Let z be (2/6)/((-8)/(-48)). Suppose -z*k = -c - 99. List the prime factors of k.
2, 47
Suppose 8*q + g + 5176 = 4*q, -5*g - 6485 = 5*q. Let n = -636 - q. List the prime factors of n.
3, 73
Let b = 8858 + -5643. What are the prime factors of b?
5, 643
Suppose 7*j = 11*j + 368. Let y = 179 + j. Let k = -82 + y. What are the prime factors of k?
5
List the prime factors of (-107245320)/(-5244) + (-1)/19.
3, 17, 401
Let m = 416 - 446. Let v(q) = -34*q + 145. List the prime factors of v(m).
5, 233
Let y(t) = -7*t - 322. Let r be y(0). List the prime factors of (-32)/(-8) - 2 - (-1 + r).
5, 13
Let v(s) = s**2 + 23*s + 107. Let m be v(-6). Suppose d + 2*a - 806 = 0, 0 = -2*d + m*a + 2232 - 620. What are the prime factors of d?
2, 13, 31
Suppose 44*m - 970239 - 1565724 = -355807. What are the prime factors of m?
49549
Suppose 6*p + 34*p - 133520 = 0. List the prime factors of p.
2, 1669
What are the prime factors of (-739376)/(-110) + 48/(-30)?
2, 3, 5, 7
Let r(t) = -t**2 - 7*t + 23. Let k be r(-9). Suppose 0*g - k*g = -20. Suppose 3*b + 6 = 0, 7*b = g*a + 2*b - 70. List the prime factors of a.
3, 5
Let k(y) = -y**3 - 32*y**2 + 45*y - 382. What are the prime factors of k(-36)?
2, 37, 43
Let l = 13115 + -7492. What are the prime factors of l?
5623
Suppose 4*i - 180 + 24 = 0. Let k = i - -69. What are the prime factors of 2/(-8) + 12231/k?
113
What are the prime factors of (0 - -1546) + 42/21?
2, 3, 43
Let m = 4658 - 4656. Let t be (-3)/12 - (-193)/4. Suppose 0*w - 3*a = 5*w - 99, m*w - 3*a = t. List the prime factors of w.
3, 7
Suppose -24 = 45*d - 37*d. What are the prime factors of 465 + d/3 - (-4 + 6)?
2, 3, 7, 11
Suppose -4*b + 5*b - 5498 = -a, -3*b - 2*a = -16497. List the prime factors of b.
5501
Let i(b) be the second derivative of 0 + 7/4*b**4 - 1/20*b**5 - 29/2*b**2 + b**3 + 36*b. List the prime factors of i(21).
97
Suppose 0 = 39*p - 37*p - 4*c - 34702, 5*p + 2*c = 86707. List the prime factors of p.
3, 41, 47
Suppose 3*b - 1171 = -2*r, 5*b + 2905 = 5*r + 8*b. Suppose 0 = -p + 4*h + 406, 4*p + 5*h - 1109 = r. What are the prime factors of p?
2, 11, 19
Suppose -116 = r - 3*r + x, -4*x + 8 = 0. Suppose 58*w + 111 = r*w. What are the prime factors of w?
3, 37
Let k be (-3)/9 + (-111)/(-9) + -4. Let i(j) = j**2 - 6*j - 12. Let b be i(k). What are the prime factors of (b/((-64)/116))/((-3)/48)?
2, 29
Suppose 5*o 